5. Let i(h) = 2*h**2 - h - 1. Let f(b) = 6*i(b) - l(b). Calculate f(p).
1
Let o(w) = -5725*w**2 + 2864*w**2 + 4 + 2862*w**2. Suppose 0 - 3 = -b. Determine o(b).
13
Let d(k) be the third derivative of 19*k**4/24 + 88*k**2. Calculate d(1).
19
Let m(c) = c**2 - 2. Let w = -7 - -13. Suppose 0 = 11*j - w*j - 15. Suppose -j*i = -9, p + 9 = i + i. What is m(p)?
7
Let a(b) be the first derivative of 11*b**2/2 + 7*b + 123. Determine a(-3).
-26
Let q(r) = -r + 6. Let c(a) = a**3 - 8*a**2 - 8*a - 4. Let m be c(9). Suppose 0*f + f = -3*b + 16, -m*b = -f - 16. Let h be 0 + (-11 - b)/(-3). What is q(h)?
1
Let i(o) = -o**3 + 5*o**2 - 4*o - 3. Let l = 9 + -8. Let p be (23/1 - 2)/l. Suppose 8*t = 3*t - m + p, -3*t + 10 = -2*m. What is i(t)?
-3
Suppose -v + 5 = 2*a - a, 0 = -a + 4*v. Suppose -a*q - 10 = 2. Let x(b) = -b**2 + b + 3. Determine x(q).
-9
Let m = -1 + 0. Let p(k) be the third derivative of k**5/30 - 11*k**3 + 23*k**2. Let u(t) be the first derivative of p(t). What is u(m)?
-4
Let u(t) be the first derivative of -t**4/12 - t**3/2 + t**2/2 + 16. Let m(f) be the second derivative of u(f). Determine m(3).
-9
Let o = 7 - 3. Suppose -5 = -o*p - 5*h + 13, -p + h = 0. Let c(f) = -f - f**2 - 10 - p*f + 8. Determine c(-4).
-6
Let c(g) = 2*g - 1. Let r(q) = 1. Let s(p) = 3*c(p) - 4*r(p). What is s(-7)?
-49
Let a(g) = g**2 - 11*g + 2. Let t be a(13). Let i = -22 + t. Let d(q) be the second derivative of q**4/12 - 2*q**3/3 - 5*q**2/2 - 5*q. Give d(i).
7
Let v(s) = 2 - 24*s**2 - 14*s + 13*s + 21*s**2. Let q(r) = -r**3 - 6*r**2 - r + 1. Let x be q(-6). Suppose -5*z - x - 3 = 0. Determine v(z).
-8
Let g(j) = 18*j**2 - j. Let f be ((-4)/(-14))/(((-180)/42)/(-15)). Determine g(f).
17
Let w = -183 + 173. Let z(j) = j**2 + 10*j - 7. What is z(w)?
-7
Let v be (-22)/(-4) + 2/(-4). Suppose 0 = -21*q + 27*q - 12. Let f(d) = 0*d**q + d**2 + 13 - v + 7*d + 2*d. Calculate f(-6).
-10
Let o(x) = -x**2. Suppose 2*u + n = 6, -u + 3 = 2*n + n. Suppose -3*i - k = 3*k - 10, u*i - 11 = -5*k. Let z be i/9 + (-16)/72. Give o(z).
0
Let q(y) = -y. Suppose -69*p = -75*p + 18. What is q(p)?
-3
Let f(m) = -8*m**2 - 4*m - 7. Let g(b) = 7*b**2 + 3*b + 6. Let v(c) = 6*f(c) + 7*g(c). Let t(y) = -y + 5. Let h be t(0). What is v(h)?
10
Let x(r) = r**3 - 6*r**2 - 11*r + 8. Let c = 221 - 214. Give x(c).
-20
Let y = -274 + 270. Let w(j) = 2*j + 6. Determine w(y).
-2
Let y(k) = 3*k**2 + 3*k. Let f be (16/(-12))/((-3)/(9/(-2))). Let q be (-2 + 1 - 6/f)*-1. Determine y(q).
6
Let w(a) = -8*a**3 - 9*a**2 - 3*a + 3. Let b be w(-1). Let j(n) be the third derivative of n**5/60 - n**4/6 - n**3/6 - n**2. Calculate j(b).
4
Let m be (1*-1)/((-43)/(-301)). Let v(f) = f**2 + 6*f + 6. What is v(m)?
13
Let p(x) = x**2 - 4*x + 1. Suppose n - 37 = 5*n + 5*d, 2*n + 4*d = -26. Determine p(n).
22
Let c(a) = 5 + a**2 - 6 + 0*a**2 - a + a**3. Let n = -20 + 35. Let t = n + -17. Determine c(t).
-3
Let k(q) = q - 13. Suppose -12*h - 74 = -218. Determine k(h).
-1
Let z(s) = -s. Let i(m) = 6*m**2 - 14*m - 10. Let a(n) = i(n) - 3*z(n). Let g(q) = -7*q**2 + 12*q + 11. Let f(o) = 6*a(o) + 5*g(o). Give f(5).
-10
Let j(v) be the third derivative of v**4/6 + v**3 + 29*v**2 - v. Give j(-5).
-14
Let b(f) = -3*f + 179 - 179 + 2*f. Determine b(12).
-12
Let k(o) = -o**2 - 10*o - 9. Suppose -2*h + 4 = -2. Suppose h*a = -2*w - 2*a - 38, -3*w - 23 = -a. Give k(w).
0
Suppose 0 = 5*t - q - 25, -10*t + 8*t = -5*q - 10. Let m(j) = -j**2 + 10*j - 19. Calculate m(t).
6
Let g(r) = -3*r + 14*r**2 + 2*r + 61 - 61. Calculate g(-1).
15
Let u(z) be the second derivative of -z**3/6 + 3*z**2/2 + 89*z. Calculate u(7).
-4
Let j(h) = -h**2 + 31*h + 150. Let a be j(35). Let q(n) = -n**2 + 12*n + 13. Determine q(a).
33
Suppose -4*z - m = -6, -2*z + 7 = 5*m + 13. Let d(j) be the second derivative of 1/6*j**3 + 0 + 7*j - j**z. Calculate d(0).
-2
Let c(q) be the second derivative of q**5/20 + q**4/3 + q**3/6 - 24*q. Suppose 4*l + 0*j = j - 16, -3*l - 5*j + 11 = 0. What is c(l)?
6
Suppose 90 = -11*y - 4*y. Let m(j) = -5*j. What is m(y)?
30
Let n(o) = 10*o + 52. Let u(y) = 2*y**2 - 63*y - 105. Let r be u(33). Give n(r).
-8
Let d(x) = 4*x - 2. Let l be -1 + -1*(47 - -2). Let c be (l + 5)*1/(-3). Suppose 0 = -2*q + 7*q - c. Calculate d(q).
10
Let q be (-21)/(-8) - (-24)/64. Let z(l) = 3*l. Determine z(q).
9
Let g(l) be the second derivative of l**4/12 + l**3/2 + 5*l**2/2 + 203*l. Determine g(-4).
9
Let v be (-4)/26 - 62/(-403). Suppose -u - z - 12 = -4*z, 4*z - 8 = 4*u. Suppose u*h + h - 8 = v. Let j(y) = 4*y**2 - 4*y + 3. Give j(h).
11
Let c(t) = 6*t + 3. Suppose -229 = 6*r - 217. Determine c(r).
-9
Let y(m) = -6*m - 27. Let z be y(-5). Let k(j) = j - 4*j + 2*j - z*j + 1. Determine k(-1).
5
Let b = 44 - 20. Suppose -23*d = -26*d + b. Let f(o) = -o**3 + 9*o**2 - 7*o + 8. Calculate f(d).
16
Let v(g) be the third derivative of g**4/24 + 13*g**3/3 + 188*g**2 - 1. What is v(-8)?
18
Let z(a) be the second derivative of a**7/840 + a**5/120 - a**4/6 + 11*a**3/6 + 10*a. Let n(t) be the second derivative of z(t). Give n(0).
-4
Let h be (-46)/10 + 12/(-30). Let g(l) = -2*l**2 - 13*l - 12. Let j be g(h). Let m(z) be the first derivative of z**3/3 + z**2/2 - 4. Determine m(j).
12
Suppose 10*l - 9*l - 1 = -2*x, 2*x - 31 = 5*l. Let c(a) = 5*a - 4. Give c(x).
11
Let w = 7 - 9. Let j = 7 + w. Let z(b) = -b**2 + j + 0*b + 3*b + b. Give z(4).
5
Let q(x) be the third derivative of x**7/720 + x**6/720 - x**5/15 + 9*x**2. Let r(h) be the third derivative of q(h). What is r(-2)?
-13
Let z be 6/(-10) + -2 + 168/30. Let k(y) = -3*y**2 + 4*y**2 - z*y - 3*y - 6 + 7*y. Let a(u) = -u - 2. Let l be a(-2). Calculate k(l).
-6
Let j be (4/12 + 1)*-3. Let a(m) = -2*m**2 - 2*m + 4. Calculate a(j).
-20
Let i be (-6)/(-12) + (-2)/4. Suppose i = 5*p - 4*j + 6, -2*j = p - 5 - 5. Let q(n) = -n + p*n**3 - 4*n**3 - 4*n**3 - 2*n**2. Give q(-1).
5
Let i be 0/(-3 + -1 + 6). Suppose i = 5*b + 2 - 17. Let t(n) = 0 - 4*n - 1 - b + 0*n. What is t(-3)?
8
Suppose 0 = 2*t - 4*t + 4. Let x(w) = 23*w + 3 + 0 + w**2 - w**3 - 27*w + 2*w**t. What is x(2)?
-1
Suppose 5*q - 106 + 1 = 0. Suppose q = -3*p + 9. Let x(r) = -2*r**3 - 3 + 0*r**2 + r**3 - 4*r**2. What is x(p)?
-3
Let t(a) be the third derivative of a**5/60 + 7*a**4/24 + a**3/3 + 2*a**2 + 77. Give t(-6).
-4
Let g(q) = -1. Let v(u) = 2*u - 6. Let k(h) = -5*g(h) + v(h). Suppose 2*l - 5*p - 20 = 0, 4*l + p - 14 = 4. Determine k(l).
9
Suppose 2256*n = 2261*n - 25. Let t(b) = b - 3. Determine t(n).
2
Let m(u) be the second derivative of -u**3/6 - 7*u**2/2 + 64*u + 2. Determine m(-8).
1
Let s(l) = -4*l**2 + 4*l + 4. Let b(y) = 3*y**2 - 3*y - 3. Let g(o) = -6*b(o) - 5*s(o). Determine g(2).
2
Let q(v) = 18 - 31 - 16*v + 17*v. What is q(11)?
-2
Let l = -31 - -55. Suppose 3*d + 5*d - l = 0. Let x(k) = 3*k + 4. What is x(d)?
13
Let b(g) = g - 5. Let k be (9/6)/((-21)/(-112)). Suppose 5*r - 2*v + k = r, 2*r = 2*v - 8. What is b(r)?
-5
Let f(j) = j**2 + 15*j + 12. Let g be f(0). Let q(b) = b**2 - 13*b + 15. Give q(g).
3
Let u(f) = -f - 1. Let b(g) = 2*g - 11. Let v(d) = b(d) - 4*u(d). Calculate v(4).
17
Suppose -4*p + 3*p + 2 = 0. Let r(k) = k + 11 - 4 + 9*k - 18*k. Let g(l) = 17*l - 15. Let q(c) = 4*g(c) + 9*r(c). Determine q(p).
-5
Suppose -15*w + 231 - 111 = 0. Let y(r) be the first derivative of r**3/3 - 4*r**2 - 4*r - 2. Determine y(w).
-4
Let n = -16 + -46. Let p = -68 - n. Let j(m) be the third derivative of m**6/120 + m**5/12 - m**4/3 - 5*m**3/6 + 2*m**2. What is j(p)?
7
Let n be 2/9 - (-1)/(-27)*-21. Let i(p) = -8*p + n + 0 - 2 + 9*p. Suppose 15 = -4*c - 9. Calculate i(c).
-7
Let r(o) be the second derivative of o**5/20 + o**4/12 - o**3/3 + o**2/2 + 1224*o. Let p = 2 - 4. What is r(p)?
1
Let r(o) be the first derivative of -o**4/24 + 7*o**3/6 - o**2/2 - 5. Let b(n) be the second derivative of r(n). Calculate b(6).
1
Let c(m) = 10*m**2 - 9*m - 26*m**2 - 8*m + 1 + 20*m**2. Let k(q) = -2*q**2 + 9*q. Let u(p) = -3*c(p) - 5*k(p). What is u(4)?
-11
Let r(v) = -v**2 - 5. Let z be 2/10 - (-147)/(-35) - -4. Determine r(z).
-5
Let o(y) be the first derivative of -y**4/4 + y**3/3 + 3*y**2/2 - 2*y - 1. Let d = 1032 + -1030. Calculate o(d).
0
Let j(t) = t**3 + 5*t**2 - t - 3. Let a be j(-2). Let g = 19 - a. Let h(y) = 9 - g*y - 11 + y + y**2. Determine h(6).
-8
Suppose 0 = 10